12 = -2. Let f be h(w). Suppose 0 = q + p - f, 5*q - 3*q + p = 108. Calculate the remainder when q is divided by 14.
13
Let u be 0/(-1)*(-1)/(-1). Suppose -2*x + 4*x - 30 = u. Suppose -a + 3*v - 8 + 39 = 0, -a = -5*v - 25. Calculate the remainder when a is divided by x.
10
Let f(r) = -4*r**2 + 0 + 3*r**2 - 4*r - 3. Let g be f(-2). Let n(q) = 13*q + 1. What is the remainder when 68 is divided by n(g)?
12
Suppose 4*a = 4*n - 16 - 0, 0 = 2*n + 2*a. Suppose -3*l = -j - 155, 5*j - 76 = -5*l + 209. What is the remainder when l is divided by 35/2 + n/4?
17
Let o be 1/(116/40 - 3). Let c = 0 - o. Let f(h) = -h + 16. What is the remainder when 13 is divided by f(c)?
1
Let q(i) = i - 2. Let u be q(6). Suppose 3*s - 25 + u = 0. What is the remainder when 2 + 1/((-1)/(-1)) + 15 is divided by s?
4
Let s(k) = -6 + k - 8*k - 3*k. What is the remainder when s(-5) is divided by 16?
12
Suppose 0 = -42*u + 40*u - 256. Let y = -119 - u. Suppose 0 = 5*b - i - 173, 4*b + 5*i - 80 = 2*b. What is the remainder when b is divided by y?
8
Let r(d) = d - 4. Let v be r(6). Suppose 4 = v*p + 2*p. Suppose -4*h = n - 17, 0 = h - 0*h + 4*n - 23. What is the remainder when h is divided by p?
0
Suppose -14*k + 7322 - 2016 = 0. What is the remainder when k is divided by 20?
19
Let b = -171 + 190. What is the remainder when 71 is divided by b?
14
Let g = -3 - -6. Suppose 0 = -139*m + 132*m + 84. What is the remainder when m is divided by g?
0
Suppose -n + 345 = -0*n. Suppose -z - z + 116 = 4*t, 5*z - n = t. Calculate the remainder when z is divided by 10.
8
Suppose 3*h = y + 41, 2*h - 4*y = 5 + 29. What is the remainder when 359 is divided by h?
8
Let a = 1394 + -1308. What is the remainder when 257 is divided by a?
85
Let o(p) = -45*p - 426. What is the remainder when o(-20) is divided by 17?
15
Let u(d) = 128*d**2 + 5*d - 6. Calculate the remainder when u(1) is divided by 43.
41
Suppose -346*w = -324*w - 2816. What is the remainder when w is divided by 126?
2
Let l = 4 - -9. Suppose -j = 3, 0 = 3*w + 5*j + 40 - 484. Suppose x + w = 4*x. Calculate the remainder when x is divided by l.
12
Let k(i) = 56*i - 3. Calculate the remainder when k(1) is divided by 18.
17
Suppose -4*d = -12*d + 208. What is the remainder when 233 is divided by d?
25
Let f = 615 - 382. What is the remainder when f is divided by 79?
75
Let r be (-4)/18 - 1/((-9)/110). Suppose -5*n + 35 = 5*u, -5*n + 19 = 9*u - r*u. What is the remainder when (1/1)/((-2)/(-28)) is divided by n?
4
Let r(u) = -u**3 + 6*u**2 + 8*u - 6. Let k be r(7). Suppose -k = -3*n + 8. Let h = -330 + 335. What is the remainder when h is divided by n?
2
Suppose -49*r - 18 = -51*r. Let q = 14 + r. Calculate the remainder when 63 is divided by q.
17
Suppose -p + 4*p - 1668 = 0. What is the remainder when p is divided by 8?
4
Let d = -226 + 244. Calculate the remainder when 49 is divided by d.
13
Let u(t) = -85*t - 1. Let b be u(-2). Let o = b - 56. Let s(z) = z**2 + 4*z - 3. Calculate the remainder when o is divided by s(4).
26
Let m(t) be the first derivative of t**3/3 + t**2/2 + 6*t + 1. Let d be m(7). Suppose -d + 182 = 4*h. What is the remainder when h is divided by 16?
14
Suppose 0 = -5*a + o + 310, 3*a - 32*o - 204 = -35*o. What is the remainder when a is divided by 14?
7
Suppose -5*o + 29 = 4. Suppose -3*q = 2*b - 5*b - 33, 0 = 2*q - o*b - 19. Calculate the remainder when 22 is divided by q.
10
Let n(z) = z + 8. Let c be n(7). Suppose -c*t + 48 = -9*t. What is the remainder when 21 is divided by t?
5
Suppose -3*b = 5*m - 974, -2*b + 31*m = 33*m - 644. Calculate the remainder when b is divided by 55.
43
Suppose 0*o = 5*o - 365. Calculate the remainder when o is divided by 5740/300 - (-4)/(-30).
16
Let o(w) = 6*w**3 - 6*w**2 - 21*w - 5. Let r(u) = 5*u**3 - 6*u**2 - 20*u - 6. Let p(l) = 4*o(l) - 5*r(l). Calculate the remainder when 47 is divided by p(8).
7
Suppose 0 = 3*i - 4*k - 60, -6*i - 20 = -8*i - 4*k. Calculate the remainder when ((-52)/(-5))/((-8)/(-60)) is divided by i.
14
Suppose 28*j - 3245 = 143. Calculate the remainder when j is divided by 14.
9
Let f(v) = 2*v - 7. Suppose -5*l + 69 + 1 = 0. Suppose -17 = -4*y - 2*g - 3*g, 5*y = 2*g + 46. What is the remainder when f(l) is divided by y?
5
Let y be 4*2/(32/12). Let c(i) = 7*i - 3. Let u(v) = v**2 - 6*v + 3. Let w(q) = 2*c(q) + 3*u(q). What is the remainder when 53 is divided by w(y)?
17
Suppose 0 = -0*o + 4*o - 580. Suppose 0 = -304*l + 301*l + 111. Calculate the remainder when o is divided by l.
34
Let d(n) = n**2 + 19*n + 45. What is the remainder when d(0) is divided by 3*1*48/9?
13
Let g(d) = 139*d**3 + 9*d**2 - 6*d + 4. Let m(z) = -69*z**3 - 5*z**2 + 3*z - 2. Let b(p) = 3*g(p) + 5*m(p). Calculate the remainder when b(1) is divided by 25.
23
Let h(b) = -261*b - 52. Calculate the remainder when h(-2) is divided by 79.
75
Calculate the remainder when 96 is divided by 216/(-792) - 157/(-11).
12
Let w = -296 + 319. What is the remainder when 44 is divided by w?
21
Suppose -18 = -r + 26. Calculate the remainder when 54/12*38 - -4 is divided by r.
43
Suppose -o = -5*l + 653, -9*o = 3*l - 10*o - 391. Let s = l - 51. Calculate the remainder when s is divided by 27.
26
Suppose -4*t + 2*n = -302, t + 0*n - 78 = 3*n. Calculate the remainder when t is divided by 35.
5
Let i(h) = 2*h**2 + 4*h + 3. Let r be i(-3). Suppose -r*v - 27 = -306. What is the remainder when v is divided by 7?
3
Suppose -4*k - 91 = -3*l, 5*l - 3*k + 58 = 228. Suppose -3*i + 5 = -l. What is the remainder when (-1 - (-14)/4)*22 is divided by i?
13
Let d(t) = t + 2. Let n = 11 - 1. Suppose 16 = n*m - 6*m. Calculate the remainder when d(3) is divided by m.
1
Let g(b) = 6*b - 55. Let d(q) = -5*q + 54. Let x(n) = 3*d(n) + 4*g(n). Calculate the remainder when 58 is divided by x(7).
3
Let r(z) be the second derivative of -38*z**3/3 + z**2/2 + z. What is the remainder when r(-1) is divided by 6450/225 + (-24)/9?
25
Let m(w) = 2*w**3 - 2*w**2 + 2*w - 2. Calculate the remainder when (45/20)/((-24)/(-512)) is divided by m(2).
8
Suppose -8*m + 1421 = -3*m - 3*a, -m - 2*a = -292. What is the remainder when m is divided by 21?
13
Let h = 15 - -10. Let c = -229 + 328. What is the remainder when c is divided by h?
24
Suppose 5*u + 2096 = 21*u. What is the remainder when 138 is divided by u?
7
Let c = -110 + 192. Suppose 5*b - 3*s = -0*s - c, -4*b - 5*s = 36. Calculate the remainder when ((-7)/b)/(2/88) is divided by 6.
4
Let l(y) = -2*y + 4. What is the remainder when l(-22) is divided by 11?
4
Suppose 0 = -0*q + 2*q - 8. Suppose -2*k + 0*k = -4. Suppose 3*n = k*n + 14. Calculate the remainder when n is divided by q.
2
Suppose -16 = u - 12. Calculate the remainder when 8 is divided by ((-1)/4*-2)/(u/(-56)).
1
Suppose -4*l - 45 - 35 = 0. Let b = l + 57. What is the remainder when b is divided by 20?
17
Let c(s) be the second derivative of -s**5/20 - s**4/2 - 3*s**3/2 - 5*s**2 + 3*s - 1. Calculate the remainder when c(-6) is divided by 5.
4
Calculate the remainder when 69 is divided by 8/(-10) + (-14)/((-140)/198).
12
Let k(j) = -2*j**2 + 45*j + 32. What is the remainder when 19 is divided by k(23)?
1
Calculate the remainder when 183 is divided by (1 - 217/(-6)) + 91/(-546).
35
Calculate the remainder when 340 + (21/4)/(-3)*-4 is divided by 50.
47
Let d(j) = 9*j + 1. Let z = -9 - 12. Let m = z - -22. Calculate the remainder when 39 is divided by d(m).
9
Let f(z) = z**3 - 25*z**2 - z + 29. Let v = -3 - -5. Suppose -l = -v - 3. Calculate the remainder when l is divided by f(25).
1
Suppose -5*n = 4*t - 128, 5 = 5*t - 5. Calculate the remainder when 28 is divided by n.
4
Calculate the remainder when (-77)/(-6 - (-77)/14) is divided by 1*-31*(-2 - -1).
30
Let s(b) = b + 2. Let f be s(-2). Suppose 5*m = f, -u + 5*m = -3*u + 88. What is the remainder when u is divided by (-28)/(-2) + (-2)/(-2)?
14
Let t = -23 - -44. Calculate the remainder when 88 is divided by (-252)/t*(-6)/4.
16
Suppose 2*m - 1 = m. Calculate the remainder when ((-3)/m)/(2/(-60)) is divided by (31*1)/1 - 0.
28
Let t = -60 + 185. What is the remainder when t is divided by (2/21 + (-7215)/(-1638))*4?
17
Let c = 33 + -74. Let g = 64 + c. Calculate the remainder when g is divided by 9.
5
Suppose 0 = -o - 3*o + 72. Suppose -50 = -4*x - o. What is the remainder when 55 is